{"id":4967,"date":"2025-02-26T09:09:24","date_gmt":"2025-02-26T09:09:24","guid":{"rendered":"https:\/\/stazionebricolor.com\/?page_id=4967"},"modified":"2025-02-26T09:09:24","modified_gmt":"2025-02-26T09:09:24","slug":"pagamento-sicuro","status":"publish","type":"page","link":"https:\/\/stazionebricolor.com\/index.php\/pagamento-sicuro\/","title":{"rendered":"Pagamento sicuro"},"content":{"rendered":"\n<h2 class=\"wp-block-heading\">Contanti alla consegna<\/h2>\n\n\n\n<p><br>Scegliendo questa modalit\u00e0, il pagamento viene effettuato al Corriere al momento della consegna del prodotto acquistato:<br>Il pagamento dovr\u00e0 essere eseguito con banconote o monete, con assegno circolare o bancario intestato al Corriere, direttamente al corriere. Vengono accettate soltanto somme esatte, corrispondenti all&#8217;ammontare dell&#8217;ordine. Ai sensi e per gli effetti dell&#8217;Art. 12 del D.L. 6 Dicembre 2011 n. 201, i pagamenti in contanti saranno accettati entro la soglia di euro 999,99.&nbsp;<\/p>\n\n\n\n<h2 class=\"wp-block-heading\">Bonifico Bancario<\/h2>\n\n\n\n<p>Scegliendo questa modalit\u00e0 di pagamento, una volta effettuato l\u2019ordine \u00e8 necessario attenersi alla seguente procedura:<\/p>\n\n\n\n<ul class=\"wp-block-list\">\n<li>la causale da riportare sul bonifico bancario dovr\u00e0 indicare: il numero e la data dell&#8217;ordine, il nome e il cognome dell\u2019ordinante;<\/li>\n\n\n\n<li>il bonifico bancario dovr\u00e0 essere effettuato a favore di:<br><br>Beneficiario:<br>Banca:<br>Codice IBAN:<br>Codice BIC:<\/li>\n<\/ul>\n\n\n\n<p>La prassi bancaria prevede che il bonifico effettuato venga accreditato sul conto corrente del beneficiario (Ferramenta Trifiletti s.a.s.) non prima di 3\/5 giorni lavorativi dalla sua esecuzione, di conseguenza a questi giorni andranno aggiunti i giorni intercorrenti tra la data di effettuazione dell&#8217;ordine e la data in cui il Cliente predisporr\u00e0 il bonifico bancario.<br>Decorsi 10 giorni dalla data di accettazione dell&#8217;ordine senza che azienda abbia ricevuto l&#8217;accredito del bonifico bancario,Trifiletti s.a.s.provveder\u00e0 ad annullare l&#8217;ordine.<\/p>\n\n\n\n<h2 class=\"wp-block-heading\">PayPal<\/h2>\n\n\n\n<p>PayPal \u00e8 un sistema di pagamento on-line che prevede l&#8217;apertura di un conto presso PayPal oppure si pu\u00f2 utilizzare il normale circuito Visa-Master-Card ecc,ecc.<br>Concludendo un acquisto con questo tipo di pagamento verr\u00e0 visualizzata una pagina del sito PayPal dove inserire l&#8217;indirizzo e-mail personale e password del proprio conto PayPal, oppure accedere alla procedura per la creazione di uno nuovo o usare la tua carta di credito. Dopo la registrazione \u00e8 possibile procedere ai pagamenti via PayPal senza dover pi\u00f9 reinserirne i dati, anche per i successivi acquisti. Scegliendo questa modalit\u00e0 di pagamento l&#8217;importo viene addebitato direttamente sul conto PayPal.<br>PayPal tutela le informazioni dell&#8217;acquirente.&nbsp;<br>Ad ogni transazione eseguita con questo metodo verr\u00e0 inviata un&#8217;e-mail di conferma da PayPal. L&#8217;importo dell&#8217;ordine viene addebitato sul conto PayPal al momento dell&#8217;acquisizione dell&#8217;ordine. In caso di annullamento l&#8217;importo viene rimborsato sul conto PayPal del cliente.<br>Si accettano pagamenti esclusivamente da utenti registrati sul sito PayPal italiano.<\/p>\n\n\n\n<h2 class=\"wp-block-heading\">Che cos&#8217;\u00e8 PayPal?<\/h2>\n\n\n\n<p>PayPal, leader di fiducia nei pagamenti online, consente ad acquirenti e aziende di inviare e ricevere pagamenti online. PayPal vanta oltre 100 milioni di conti in 190 Paesi e territori. \u00c8 accettato dai commercianti di tutto il mondo, dentro e fuori di eBay.<\/p>\n\n\n\n<h2 class=\"wp-block-heading\">E&#8217; sicuro?<\/h2>\n\n\n\n<p>PayPal consente di proteggere i dati della carta di credito con la sicurezza dei leader di settore e dei sistemi di prevenzione delle frodi. Quando utilizzi PayPal, le tue informazioni finanziarie non vengono mai condivise con il commerciante.<\/p>\n\n\n\n<h2 class=\"wp-block-heading\">Perch\u00e9 utilizzare PayPal?<\/h2>\n\n\n\n<p>&#8211; Fai acquisti o invia denaro con PayPal &#8211; \u00e8 gratis<\/p>\n\n\n\n<p>&#8211; Fai acquisti e paga comodamente salvando le tue informazioni con PayPal<\/p>\n\n\n\n<p>&#8211; PayPal \u00e8 accettato da milioni di aziende in tutto il mondo ed \u00e8 il metodo di pagamento preferito su eBay<\/p>\n","protected":false},"excerpt":{"rendered":"<p>Contanti alla consegna Scegliendo questa modalit\u00e0, il pagamento viene effettuato al Corriere al momento della consegna del prodotto acquistato:Il pagamento dovr\u00e0 essere eseguito con banconote o monete, con assegno circolare o bancario intestato al Corriere, direttamente al corriere. Vengono accettate soltanto somme esatte, corrispondenti all&#8217;ammontare dell&#8217;ordine. Ai sensi e per gli effetti dell&#8217;Art. 12 del [&hellip;]<\/p>\n","protected":false},"author":1,"featured_media":0,"parent":0,"menu_order":0,"comment_status":"closed","ping_status":"closed","template":"","meta":{"om_disable_all_campaigns":false,"_monsterinsights_skip_tracking":false,"_monsterinsights_sitenote_active":false,"_monsterinsights_sitenote_note":"","_monsterinsights_sitenote_category":0,"_joinchat":[],"footnotes":""},"class_list":["post-4967","page","type-page","status-publish","hentry"],"yoast_head":"<!-- This site is optimized with the Yoast SEO plugin v26.5 - https:\/\/yoast.com\/wordpress\/plugins\/seo\/ -->\n<title>Pagamento sicuro - Stazione Bricolor<\/title>\n<meta name=\"robots\" content=\"index, follow, max-snippet:-1, max-image-preview:large, max-video-preview:-1\" \/>\n<link rel=\"canonical\" href=\"https:\/\/stazionebricolor.com\/index.php\/pagamento-sicuro\/\" \/>\n<meta property=\"og:locale\" content=\"it_IT\" \/>\n<meta property=\"og:type\" content=\"article\" \/>\n<meta property=\"og:title\" content=\"Pagamento sicuro - Stazione Bricolor\" \/>\n<meta property=\"og:description\" content=\"Contanti alla consegna Scegliendo questa modalit\u00e0, il pagamento viene effettuato al Corriere al momento della consegna del prodotto acquistato:Il pagamento dovr\u00e0 essere eseguito con banconote o monete, con assegno circolare o bancario intestato al Corriere, direttamente al corriere. Vengono accettate soltanto somme esatte, corrispondenti all&#8217;ammontare dell&#8217;ordine. Ai sensi e per gli effetti dell&#8217;Art. 12 del [&hellip;]\" \/>\n<meta property=\"og:url\" content=\"https:\/\/stazionebricolor.com\/index.php\/pagamento-sicuro\/\" \/>\n<meta property=\"og:site_name\" content=\"Stazione Bricolor\" \/>\n<meta name=\"twitter:card\" content=\"summary_large_image\" \/>\n<meta name=\"twitter:label1\" content=\"Tempo di lettura stimato\" \/>\n\t<meta name=\"twitter:data1\" content=\"2 minuti\" \/>\n<script type=\"application\/ld+json\" class=\"yoast-schema-graph\">{\"@context\":\"https:\/\/schema.org\",\"@graph\":[{\"@type\":\"WebPage\",\"@id\":\"https:\/\/stazionebricolor.com\/index.php\/pagamento-sicuro\/\",\"url\":\"https:\/\/stazionebricolor.com\/index.php\/pagamento-sicuro\/\",\"name\":\"Pagamento sicuro - Stazione Bricolor\",\"isPartOf\":{\"@id\":\"https:\/\/stazionebricolor.com\/#website\"},\"datePublished\":\"2025-02-26T09:09:24+00:00\",\"breadcrumb\":{\"@id\":\"https:\/\/stazionebricolor.com\/index.php\/pagamento-sicuro\/#breadcrumb\"},\"inLanguage\":\"it-IT\",\"potentialAction\":[{\"@type\":\"ReadAction\",\"target\":[\"https:\/\/stazionebricolor.com\/index.php\/pagamento-sicuro\/\"]}]},{\"@type\":\"BreadcrumbList\",\"@id\":\"https:\/\/stazionebricolor.com\/index.php\/pagamento-sicuro\/#breadcrumb\",\"itemListElement\":[{\"@type\":\"ListItem\",\"position\":1,\"name\":\"Home\",\"item\":\"https:\/\/stazionebricolor.com\/\"},{\"@type\":\"ListItem\",\"position\":2,\"name\":\"Pagamento sicuro\"}]},{\"@type\":\"WebSite\",\"@id\":\"https:\/\/stazionebricolor.com\/#website\",\"url\":\"https:\/\/stazionebricolor.com\/\",\"name\":\"Stazione Bricolor\",\"description\":\"Colorare casa non \u00e8 mai stato cos\u00ec semplice\",\"publisher\":{\"@id\":\"https:\/\/stazionebricolor.com\/#organization\"},\"potentialAction\":[{\"@type\":\"SearchAction\",\"target\":{\"@type\":\"EntryPoint\",\"urlTemplate\":\"https:\/\/stazionebricolor.com\/?s={search_term_string}\"},\"query-input\":{\"@type\":\"PropertyValueSpecification\",\"valueRequired\":true,\"valueName\":\"search_term_string\"}}],\"inLanguage\":\"it-IT\"},{\"@type\":\"Organization\",\"@id\":\"https:\/\/stazionebricolor.com\/#organization\",\"name\":\"Stazione Bricolor\",\"url\":\"https:\/\/stazionebricolor.com\/\",\"logo\":{\"@type\":\"ImageObject\",\"inLanguage\":\"it-IT\",\"@id\":\"https:\/\/stazionebricolor.com\/#\/schema\/logo\/image\/\",\"url\":\"https:\/\/stazionebricolor.com\/wp-content\/uploads\/2024\/06\/cropped-stazionebricoloricona-1.png\",\"contentUrl\":\"https:\/\/stazionebricolor.com\/wp-content\/uploads\/2024\/06\/cropped-stazionebricoloricona-1.png\",\"width\":520,\"height\":292,\"caption\":\"Stazione Bricolor\"},\"image\":{\"@id\":\"https:\/\/stazionebricolor.com\/#\/schema\/logo\/image\/\"}}]}<\/script>\n<!-- \/ Yoast SEO plugin. -->","yoast_head_json":{"title":"Pagamento sicuro - Stazione Bricolor","robots":{"index":"index","follow":"follow","max-snippet":"max-snippet:-1","max-image-preview":"max-image-preview:large","max-video-preview":"max-video-preview:-1"},"canonical":"https:\/\/stazionebricolor.com\/index.php\/pagamento-sicuro\/","og_locale":"it_IT","og_type":"article","og_title":"Pagamento sicuro - Stazione Bricolor","og_description":"Contanti alla consegna Scegliendo questa modalit\u00e0, il pagamento viene effettuato al Corriere al momento della consegna del prodotto acquistato:Il pagamento dovr\u00e0 essere eseguito con banconote o monete, con assegno circolare o bancario intestato al Corriere, direttamente al corriere. Vengono accettate soltanto somme esatte, corrispondenti all&#8217;ammontare dell&#8217;ordine. Ai sensi e per gli effetti dell&#8217;Art. 12 del [&hellip;]","og_url":"https:\/\/stazionebricolor.com\/index.php\/pagamento-sicuro\/","og_site_name":"Stazione Bricolor","twitter_card":"summary_large_image","twitter_misc":{"Tempo di lettura stimato":"2 minuti"},"schema":{"@context":"https:\/\/schema.org","@graph":[{"@type":"WebPage","@id":"https:\/\/stazionebricolor.com\/index.php\/pagamento-sicuro\/","url":"https:\/\/stazionebricolor.com\/index.php\/pagamento-sicuro\/","name":"Pagamento sicuro - Stazione Bricolor","isPartOf":{"@id":"https:\/\/stazionebricolor.com\/#website"},"datePublished":"2025-02-26T09:09:24+00:00","breadcrumb":{"@id":"https:\/\/stazionebricolor.com\/index.php\/pagamento-sicuro\/#breadcrumb"},"inLanguage":"it-IT","potentialAction":[{"@type":"ReadAction","target":["https:\/\/stazionebricolor.com\/index.php\/pagamento-sicuro\/"]}]},{"@type":"BreadcrumbList","@id":"https:\/\/stazionebricolor.com\/index.php\/pagamento-sicuro\/#breadcrumb","itemListElement":[{"@type":"ListItem","position":1,"name":"Home","item":"https:\/\/stazionebricolor.com\/"},{"@type":"ListItem","position":2,"name":"Pagamento sicuro"}]},{"@type":"WebSite","@id":"https:\/\/stazionebricolor.com\/#website","url":"https:\/\/stazionebricolor.com\/","name":"Stazione Bricolor","description":"Colorare casa non \u00e8 mai stato cos\u00ec semplice","publisher":{"@id":"https:\/\/stazionebricolor.com\/#organization"},"potentialAction":[{"@type":"SearchAction","target":{"@type":"EntryPoint","urlTemplate":"https:\/\/stazionebricolor.com\/?s={search_term_string}"},"query-input":{"@type":"PropertyValueSpecification","valueRequired":true,"valueName":"search_term_string"}}],"inLanguage":"it-IT"},{"@type":"Organization","@id":"https:\/\/stazionebricolor.com\/#organization","name":"Stazione Bricolor","url":"https:\/\/stazionebricolor.com\/","logo":{"@type":"ImageObject","inLanguage":"it-IT","@id":"https:\/\/stazionebricolor.com\/#\/schema\/logo\/image\/","url":"https:\/\/stazionebricolor.com\/wp-content\/uploads\/2024\/06\/cropped-stazionebricoloricona-1.png","contentUrl":"https:\/\/stazionebricolor.com\/wp-content\/uploads\/2024\/06\/cropped-stazionebricoloricona-1.png","width":520,"height":292,"caption":"Stazione Bricolor"},"image":{"@id":"https:\/\/stazionebricolor.com\/#\/schema\/logo\/image\/"}}]}},"_links":{"self":[{"href":"https:\/\/stazionebricolor.com\/index.php\/wp-json\/wp\/v2\/pages\/4967","targetHints":{"allow":["GET"]}}],"collection":[{"href":"https:\/\/stazionebricolor.com\/index.php\/wp-json\/wp\/v2\/pages"}],"about":[{"href":"https:\/\/stazionebricolor.com\/index.php\/wp-json\/wp\/v2\/types\/page"}],"author":[{"embeddable":true,"href":"https:\/\/stazionebricolor.com\/index.php\/wp-json\/wp\/v2\/users\/1"}],"replies":[{"embeddable":true,"href":"https:\/\/stazionebricolor.com\/index.php\/wp-json\/wp\/v2\/comments?post=4967"}],"version-history":[{"count":1,"href":"https:\/\/stazionebricolor.com\/index.php\/wp-json\/wp\/v2\/pages\/4967\/revisions"}],"predecessor-version":[{"id":4969,"href":"https:\/\/stazionebricolor.com\/index.php\/wp-json\/wp\/v2\/pages\/4967\/revisions\/4969"}],"wp:attachment":[{"href":"https:\/\/stazionebricolor.com\/index.php\/wp-json\/wp\/v2\/media?parent=4967"}],"curies":[{"name":"wp","href":"https:\/\/api.w.org\/{rel}","templated":true}]}}