{"id":1290,"date":"2024-07-12T16:25:10","date_gmt":"2024-07-12T16:25:10","guid":{"rendered":"https:\/\/stazionebricolor.com\/?post_type=product&#038;p=1290"},"modified":"2025-09-18T13:21:32","modified_gmt":"2025-09-18T13:21:32","slug":"airless-ats-s5100-spruzzatore-professionale-graco-stucco-spruzzo-colorificio-altamura-shop-online-ottimo-prezzo","status":"publish","type":"product","link":"https:\/\/stazionebricolor.com\/index.php\/prodotto\/airless-ats-s5100-spruzzatore-professionale-graco-stucco-spruzzo-colorificio-altamura-shop-online-ottimo-prezzo\/","title":{"rendered":"AIRLESS ATS S5100 &#8211; Spruzzatore professionale"},"content":{"rendered":"<p>Spruzzatore professionale per vernici ideale per tutti i tipi di idropitture, primer, vernici e smalti all\u2019acqua ed a solvente, pitture al quarzo ed elastomeriche, stucchi, resine epossidiche, ecc.<\/p>\n<p>L\u2019eccellenza del sistema airless per i professionisti che guardano al futuro! Lo spruzzatore airless S5100 \u00e8 il top di gamma per tutti coloro che desiderano una macchina super professionale dalle elevate prestazioni.\u00a0 Dotata del sistema di azionamento Advantage per una lunga durata e bassi livelli di rumorosit\u00e0, e di un telaio in acciaio per una maggiore robustezza della struttura.<\/p>\n<p>Prodotto dotato di un motore brushless, cio\u00e8 senza spazzole: ignifica pi\u00f9 potenza, pi\u00f9 affidabilit\u00e0 e durata maggiore nel tempo. La totale assenza di scintille durante la spruzzatura inoltre lo rende ideale anche per pitture a solvente.<\/p>\n<p>Assicura un\u2019erogazione costante a qualsiasi livello di pressione senza fluttuazioni. Inoltre il display a led permette un facile monitoraggio della pressione.<\/p>\n<p>Presenta una valvola di nuova concezione per una elevata resistenza all\u2019alta pressione e ridotta manutenzione. Scarica inoltre automaticamente il sistema in caso di \u201coverpressure\u201d e una cassetta degli attrezzi integrata per riporre strumenti, filtri e accessori.<\/p>\n<p>Pistola professionale extreme 6376G: dal design avanzato per supportare al meglio anche le lavorazioni pi\u00f9 impegnative.<\/p>\n<h4><strong>CARATTERISTICHE<\/strong><\/h4>\n<hr \/>\n<ul>\n<li>Potenza motore. 3000W<\/li>\n<li>Portata massima (L\/m): 5,1 L<\/li>\n<li>Max dimensione ugello: 0,037&#8221;<\/li>\n<li>Max pressione: 227 bar\/ 3300 psi<\/li>\n<li>Max lunghezza tubo 100m<\/li>\n<\/ul>\n<h4><strong>DOTAZIONE<\/strong><\/h4>\n<hr \/>\n<ul>\n<li>Ugello 531X<\/li>\n<li>Tubo ad alta pressione 3\/8\u201d da 15m<\/li>\n<li>\u00a0Asta di prolunga da 50 cm<\/li>\n<li>Manuale d\u2019uso<\/li>\n<\/ul>\n<p><img loading=\"lazy\" decoding=\"async\" class=\"alignnone\" src=\"https:\/\/www.aserpicosrl.com\/wp-content\/uploads\/2023\/11\/logo-ats.png\" alt=\"logo-ats\" width=\"164\" height=\"80\" \/><\/p>\n","protected":false},"excerpt":{"rendered":"<p>Spruzzatore professionale per vernici ideale per tutti i tipi di idropitture, primer, vernici e smalti all\u2019acqua ed a solvente, pitture al quarzo ed elastomeriche, stucchi, resine epossidiche, ecc. L\u2019eccellenza del sistema airless per i professionisti che guardano al futuro! Lo spruzzatore airless S5100 \u00e8 il top di gamma per tutti coloro che desiderano una macchina [&hellip;]<\/p>\n","protected":false},"featured_media":1286,"comment_status":"open","ping_status":"closed","template":"","meta":{"om_disable_all_campaigns":false,"_monsterinsights_skip_tracking":false,"_monsterinsights_sitenote_active":false,"_monsterinsights_sitenote_note":"","_monsterinsights_sitenote_category":0,"_joinchat":[]},"product_brand":[],"product_cat":[34,69,54,99],"product_tag":[781,785,910,856,854,1035,110],"class_list":{"0":"post-1290","1":"product","2":"type-product","3":"status-publish","4":"has-post-thumbnail","6":"product_cat-pantaloni-palette-altamura-colorificio","7":"product_cat-pareti-supercoprente-traspirante-cartongesso-baldini-vernici-casati","8":"product_cat-resina-cartongesso-muri-cemento-rudido-liscio-intonaco-legno-leggero-neutro","9":"product_cat-levigatrice-airless-aerografo-pistola-smerigliatrice-compressore","10":"product_tag-aerografo","11":"product_tag-airless","12":"product_tag-pittura","13":"product_tag-pompa","14":"product_tag-spruzzatore-professionale","15":"product_tag-spruzzo","16":"product_tag-vernici","18":"first","19":"instock","20":"taxable","21":"shipping-taxable","22":"purchasable","23":"product-type-simple"},"yoast_head":"<!-- This site is optimized with the Yoast SEO plugin v26.5 - https:\/\/yoast.com\/wordpress\/plugins\/seo\/ -->\n<title>AIRLESS ATS S5100 - Spruzzatore professionale - Stazione Bricolor<\/title>\n<meta name=\"description\" content=\"Spruzzatore professionale per vernici ideale per tutti i tipi di idropitture, primer, vernici e smalti all\u2019acqua ed a solvente, pitture al quarzo ed elastomeriche, stucchi, resine epossidiche, ecc.\" \/>\n<meta name=\"robots\" content=\"index, follow, max-snippet:-1, max-image-preview:large, max-video-preview:-1\" \/>\n<link rel=\"canonical\" href=\"https:\/\/stazionebricolor.com\/index.php\/prodotto\/airless-ats-s5100-spruzzatore-professionale-graco-stucco-spruzzo-colorificio-altamura-shop-online-ottimo-prezzo\/\" \/>\n<meta property=\"og:locale\" content=\"it_IT\" \/>\n<meta property=\"og:type\" content=\"article\" \/>\n<meta property=\"og:title\" content=\"AIRLESS ATS S5100 - Spruzzatore professionale - Stazione Bricolor\" \/>\n<meta property=\"og:description\" content=\"Spruzzatore professionale per vernici ideale per tutti i tipi di idropitture, primer, vernici e smalti all\u2019acqua ed a solvente, pitture al quarzo ed elastomeriche, stucchi, resine epossidiche, ecc.\" \/>\n<meta property=\"og:url\" content=\"https:\/\/stazionebricolor.com\/index.php\/prodotto\/airless-ats-s5100-spruzzatore-professionale-graco-stucco-spruzzo-colorificio-altamura-shop-online-ottimo-prezzo\/\" \/>\n<meta property=\"og:site_name\" content=\"Stazione Bricolor\" \/>\n<meta property=\"article:modified_time\" content=\"2025-09-18T13:21:32+00:00\" \/>\n<meta property=\"og:image\" content=\"https:\/\/stazionebricolor.com\/wp-content\/uploads\/2024\/07\/AIRLESS-ATS-S5100.png\" \/>\n\t<meta property=\"og:image:width\" content=\"1154\" \/>\n\t<meta property=\"og:image:height\" content=\"1136\" \/>\n\t<meta property=\"og:image:type\" content=\"image\/png\" \/>\n<meta name=\"twitter:card\" content=\"summary_large_image\" \/>\n<meta name=\"twitter:label1\" content=\"Tempo di lettura stimato\" \/>\n\t<meta name=\"twitter:data1\" content=\"2 minuti\" \/>\n<script type=\"application\/ld+json\" class=\"yoast-schema-graph\">{\"@context\":\"https:\/\/schema.org\",\"@graph\":[{\"@type\":\"WebPage\",\"@id\":\"https:\/\/stazionebricolor.com\/index.php\/prodotto\/airless-ats-s5100-spruzzatore-professionale-graco-stucco-spruzzo-colorificio-altamura-shop-online-ottimo-prezzo\/\",\"url\":\"https:\/\/stazionebricolor.com\/index.php\/prodotto\/airless-ats-s5100-spruzzatore-professionale-graco-stucco-spruzzo-colorificio-altamura-shop-online-ottimo-prezzo\/\",\"name\":\"AIRLESS ATS S5100 - Spruzzatore professionale - Stazione Bricolor\",\"isPartOf\":{\"@id\":\"https:\/\/stazionebricolor.com\/#website\"},\"primaryImageOfPage\":{\"@id\":\"https:\/\/stazionebricolor.com\/index.php\/prodotto\/airless-ats-s5100-spruzzatore-professionale-graco-stucco-spruzzo-colorificio-altamura-shop-online-ottimo-prezzo\/#primaryimage\"},\"image\":{\"@id\":\"https:\/\/stazionebricolor.com\/index.php\/prodotto\/airless-ats-s5100-spruzzatore-professionale-graco-stucco-spruzzo-colorificio-altamura-shop-online-ottimo-prezzo\/#primaryimage\"},\"thumbnailUrl\":\"https:\/\/stazionebricolor.com\/wp-content\/uploads\/2024\/07\/AIRLESS-ATS-S5100.png\",\"datePublished\":\"2024-07-12T16:25:10+00:00\",\"dateModified\":\"2025-09-18T13:21:32+00:00\",\"description\":\"Spruzzatore professionale per vernici ideale per tutti i tipi di idropitture, primer, vernici e smalti all\u2019acqua ed a solvente, pitture al quarzo ed elastomeriche, stucchi, resine epossidiche, ecc.\",\"breadcrumb\":{\"@id\":\"https:\/\/stazionebricolor.com\/index.php\/prodotto\/airless-ats-s5100-spruzzatore-professionale-graco-stucco-spruzzo-colorificio-altamura-shop-online-ottimo-prezzo\/#breadcrumb\"},\"inLanguage\":\"it-IT\",\"potentialAction\":[{\"@type\":\"ReadAction\",\"target\":[\"https:\/\/stazionebricolor.com\/index.php\/prodotto\/airless-ats-s5100-spruzzatore-professionale-graco-stucco-spruzzo-colorificio-altamura-shop-online-ottimo-prezzo\/\"]}]},{\"@type\":\"ImageObject\",\"inLanguage\":\"it-IT\",\"@id\":\"https:\/\/stazionebricolor.com\/index.php\/prodotto\/airless-ats-s5100-spruzzatore-professionale-graco-stucco-spruzzo-colorificio-altamura-shop-online-ottimo-prezzo\/#primaryimage\",\"url\":\"https:\/\/stazionebricolor.com\/wp-content\/uploads\/2024\/07\/AIRLESS-ATS-S5100.png\",\"contentUrl\":\"https:\/\/stazionebricolor.com\/wp-content\/uploads\/2024\/07\/AIRLESS-ATS-S5100.png\",\"width\":1154,\"height\":1136},{\"@type\":\"BreadcrumbList\",\"@id\":\"https:\/\/stazionebricolor.com\/index.php\/prodotto\/airless-ats-s5100-spruzzatore-professionale-graco-stucco-spruzzo-colorificio-altamura-shop-online-ottimo-prezzo\/#breadcrumb\",\"itemListElement\":[{\"@type\":\"ListItem\",\"position\":1,\"name\":\"Home\",\"item\":\"https:\/\/stazionebricolor.com\/\"},{\"@type\":\"ListItem\",\"position\":2,\"name\":\"Shop\",\"item\":\"https:\/\/stazionebricolor.com\/\"},{\"@type\":\"ListItem\",\"position\":3,\"name\":\"AIRLESS ATS S5100 &#8211; Spruzzatore professionale\"}]},{\"@type\":\"WebSite\",\"@id\":\"https:\/\/stazionebricolor.com\/#website\",\"url\":\"https:\/\/stazionebricolor.com\/\",\"name\":\"Stazione Bricolor\",\"description\":\"Colorare casa non \u00e8 mai stato cos\u00ec semplice\",\"publisher\":{\"@id\":\"https:\/\/stazionebricolor.com\/#organization\"},\"potentialAction\":[{\"@type\":\"SearchAction\",\"target\":{\"@type\":\"EntryPoint\",\"urlTemplate\":\"https:\/\/stazionebricolor.com\/?s={search_term_string}\"},\"query-input\":{\"@type\":\"PropertyValueSpecification\",\"valueRequired\":true,\"valueName\":\"search_term_string\"}}],\"inLanguage\":\"it-IT\"},{\"@type\":\"Organization\",\"@id\":\"https:\/\/stazionebricolor.com\/#organization\",\"name\":\"Stazione Bricolor\",\"url\":\"https:\/\/stazionebricolor.com\/\",\"logo\":{\"@type\":\"ImageObject\",\"inLanguage\":\"it-IT\",\"@id\":\"https:\/\/stazionebricolor.com\/#\/schema\/logo\/image\/\",\"url\":\"https:\/\/stazionebricolor.com\/wp-content\/uploads\/2024\/06\/cropped-stazionebricoloricona-1.png\",\"contentUrl\":\"https:\/\/stazionebricolor.com\/wp-content\/uploads\/2024\/06\/cropped-stazionebricoloricona-1.png\",\"width\":520,\"height\":292,\"caption\":\"Stazione Bricolor\"},\"image\":{\"@id\":\"https:\/\/stazionebricolor.com\/#\/schema\/logo\/image\/\"}}]}<\/script>\n<!-- \/ Yoast SEO plugin. -->","yoast_head_json":{"title":"AIRLESS ATS S5100 - Spruzzatore professionale - Stazione Bricolor","description":"Spruzzatore professionale per vernici ideale per tutti i tipi di idropitture, primer, vernici e smalti all\u2019acqua ed a solvente, pitture al quarzo ed elastomeriche, stucchi, resine epossidiche, ecc.","robots":{"index":"index","follow":"follow","max-snippet":"max-snippet:-1","max-image-preview":"max-image-preview:large","max-video-preview":"max-video-preview:-1"},"canonical":"https:\/\/stazionebricolor.com\/index.php\/prodotto\/airless-ats-s5100-spruzzatore-professionale-graco-stucco-spruzzo-colorificio-altamura-shop-online-ottimo-prezzo\/","og_locale":"it_IT","og_type":"article","og_title":"AIRLESS ATS S5100 - Spruzzatore professionale - Stazione Bricolor","og_description":"Spruzzatore professionale per vernici ideale per tutti i tipi di idropitture, primer, vernici e smalti all\u2019acqua ed a solvente, pitture al quarzo ed elastomeriche, stucchi, resine epossidiche, ecc.","og_url":"https:\/\/stazionebricolor.com\/index.php\/prodotto\/airless-ats-s5100-spruzzatore-professionale-graco-stucco-spruzzo-colorificio-altamura-shop-online-ottimo-prezzo\/","og_site_name":"Stazione Bricolor","article_modified_time":"2025-09-18T13:21:32+00:00","og_image":[{"width":1154,"height":1136,"url":"https:\/\/stazionebricolor.com\/wp-content\/uploads\/2024\/07\/AIRLESS-ATS-S5100.png","type":"image\/png"}],"twitter_card":"summary_large_image","twitter_misc":{"Tempo di lettura stimato":"2 minuti"},"schema":{"@context":"https:\/\/schema.org","@graph":[{"@type":"WebPage","@id":"https:\/\/stazionebricolor.com\/index.php\/prodotto\/airless-ats-s5100-spruzzatore-professionale-graco-stucco-spruzzo-colorificio-altamura-shop-online-ottimo-prezzo\/","url":"https:\/\/stazionebricolor.com\/index.php\/prodotto\/airless-ats-s5100-spruzzatore-professionale-graco-stucco-spruzzo-colorificio-altamura-shop-online-ottimo-prezzo\/","name":"AIRLESS ATS S5100 - Spruzzatore professionale - Stazione Bricolor","isPartOf":{"@id":"https:\/\/stazionebricolor.com\/#website"},"primaryImageOfPage":{"@id":"https:\/\/stazionebricolor.com\/index.php\/prodotto\/airless-ats-s5100-spruzzatore-professionale-graco-stucco-spruzzo-colorificio-altamura-shop-online-ottimo-prezzo\/#primaryimage"},"image":{"@id":"https:\/\/stazionebricolor.com\/index.php\/prodotto\/airless-ats-s5100-spruzzatore-professionale-graco-stucco-spruzzo-colorificio-altamura-shop-online-ottimo-prezzo\/#primaryimage"},"thumbnailUrl":"https:\/\/stazionebricolor.com\/wp-content\/uploads\/2024\/07\/AIRLESS-ATS-S5100.png","datePublished":"2024-07-12T16:25:10+00:00","dateModified":"2025-09-18T13:21:32+00:00","description":"Spruzzatore professionale per vernici ideale per tutti i tipi di idropitture, primer, vernici e smalti all\u2019acqua ed a solvente, pitture al quarzo ed elastomeriche, stucchi, resine epossidiche, ecc.","breadcrumb":{"@id":"https:\/\/stazionebricolor.com\/index.php\/prodotto\/airless-ats-s5100-spruzzatore-professionale-graco-stucco-spruzzo-colorificio-altamura-shop-online-ottimo-prezzo\/#breadcrumb"},"inLanguage":"it-IT","potentialAction":[{"@type":"ReadAction","target":["https:\/\/stazionebricolor.com\/index.php\/prodotto\/airless-ats-s5100-spruzzatore-professionale-graco-stucco-spruzzo-colorificio-altamura-shop-online-ottimo-prezzo\/"]}]},{"@type":"ImageObject","inLanguage":"it-IT","@id":"https:\/\/stazionebricolor.com\/index.php\/prodotto\/airless-ats-s5100-spruzzatore-professionale-graco-stucco-spruzzo-colorificio-altamura-shop-online-ottimo-prezzo\/#primaryimage","url":"https:\/\/stazionebricolor.com\/wp-content\/uploads\/2024\/07\/AIRLESS-ATS-S5100.png","contentUrl":"https:\/\/stazionebricolor.com\/wp-content\/uploads\/2024\/07\/AIRLESS-ATS-S5100.png","width":1154,"height":1136},{"@type":"BreadcrumbList","@id":"https:\/\/stazionebricolor.com\/index.php\/prodotto\/airless-ats-s5100-spruzzatore-professionale-graco-stucco-spruzzo-colorificio-altamura-shop-online-ottimo-prezzo\/#breadcrumb","itemListElement":[{"@type":"ListItem","position":1,"name":"Home","item":"https:\/\/stazionebricolor.com\/"},{"@type":"ListItem","position":2,"name":"Shop","item":"https:\/\/stazionebricolor.com\/"},{"@type":"ListItem","position":3,"name":"AIRLESS ATS S5100 &#8211; Spruzzatore professionale"}]},{"@type":"WebSite","@id":"https:\/\/stazionebricolor.com\/#website","url":"https:\/\/stazionebricolor.com\/","name":"Stazione Bricolor","description":"Colorare casa non \u00e8 mai stato cos\u00ec semplice","publisher":{"@id":"https:\/\/stazionebricolor.com\/#organization"},"potentialAction":[{"@type":"SearchAction","target":{"@type":"EntryPoint","urlTemplate":"https:\/\/stazionebricolor.com\/?s={search_term_string}"},"query-input":{"@type":"PropertyValueSpecification","valueRequired":true,"valueName":"search_term_string"}}],"inLanguage":"it-IT"},{"@type":"Organization","@id":"https:\/\/stazionebricolor.com\/#organization","name":"Stazione Bricolor","url":"https:\/\/stazionebricolor.com\/","logo":{"@type":"ImageObject","inLanguage":"it-IT","@id":"https:\/\/stazionebricolor.com\/#\/schema\/logo\/image\/","url":"https:\/\/stazionebricolor.com\/wp-content\/uploads\/2024\/06\/cropped-stazionebricoloricona-1.png","contentUrl":"https:\/\/stazionebricolor.com\/wp-content\/uploads\/2024\/06\/cropped-stazionebricoloricona-1.png","width":520,"height":292,"caption":"Stazione Bricolor"},"image":{"@id":"https:\/\/stazionebricolor.com\/#\/schema\/logo\/image\/"}}]}},"_links":{"self":[{"href":"https:\/\/stazionebricolor.com\/index.php\/wp-json\/wp\/v2\/product\/1290","targetHints":{"allow":["GET"]}}],"collection":[{"href":"https:\/\/stazionebricolor.com\/index.php\/wp-json\/wp\/v2\/product"}],"about":[{"href":"https:\/\/stazionebricolor.com\/index.php\/wp-json\/wp\/v2\/types\/product"}],"replies":[{"embeddable":true,"href":"https:\/\/stazionebricolor.com\/index.php\/wp-json\/wp\/v2\/comments?post=1290"}],"wp:featuredmedia":[{"embeddable":true,"href":"https:\/\/stazionebricolor.com\/index.php\/wp-json\/wp\/v2\/media\/1286"}],"wp:attachment":[{"href":"https:\/\/stazionebricolor.com\/index.php\/wp-json\/wp\/v2\/media?parent=1290"}],"wp:term":[{"taxonomy":"product_brand","embeddable":true,"href":"https:\/\/stazionebricolor.com\/index.php\/wp-json\/wp\/v2\/product_brand?post=1290"},{"taxonomy":"product_cat","embeddable":true,"href":"https:\/\/stazionebricolor.com\/index.php\/wp-json\/wp\/v2\/product_cat?post=1290"},{"taxonomy":"product_tag","embeddable":true,"href":"https:\/\/stazionebricolor.com\/index.php\/wp-json\/wp\/v2\/product_tag?post=1290"}],"curies":[{"name":"wp","href":"https:\/\/api.w.org\/{rel}","templated":true}]}}