{"id":1304,"date":"2024-07-15T16:01:59","date_gmt":"2024-07-15T16:01:59","guid":{"rendered":"https:\/\/stazionebricolor.com\/?post_type=product&#038;p=1304"},"modified":"2025-06-09T09:11:05","modified_gmt":"2025-06-09T09:11:05","slug":"armaphon-gg-rasante-in-pasta-per-cappotto-settef-tipo-microcemento-microresina-verticale-colorabile","status":"publish","type":"product","link":"https:\/\/stazionebricolor.com\/index.php\/prodotto\/armaphon-gg-rasante-in-pasta-per-cappotto-settef-tipo-microcemento-microresina-verticale-colorabile\/","title":{"rendered":"Armaphon GG &#8211; Rasante in pasta per cappotto"},"content":{"rendered":"<h2 data-start=\"148\" data-end=\"232\"><strong data-start=\"151\" data-end=\"232\">Armaphon GG \u2013 Rasante in pasta per Sistemi di Isolamento a Cappotto e Rasature Murarie<\/strong><\/h2>\n<p data-start=\"234\" data-end=\"693\"><strong data-start=\"234\" data-end=\"249\">Armaphon GG<\/strong> \u00e8 un <strong data-start=\"255\" data-end=\"293\">rasante in pasta a base di resine acriliche<\/strong>, esente da cemento, formulato appositamente per la <strong data-start=\"345\" data-end=\"396\">rasatura e l\u2019annegamento della rete di armatura<\/strong> nella posa in opera di <strong data-start=\"420\" data-end=\"464\">sistemi di isolamento termico a cappotto<\/strong>. Inoltre, \u00e8 particolarmente indicato per le <strong data-start=\"513\" data-end=\"544\">rasature murarie su cemento<\/strong> da ricoprire con pitture esterne o intonaci con finitura tipo microcemento resina, da proteggere successivamente con finiture smaltate bicomponenti.<\/p>\n<p data-start=\"234\" data-end=\"693\">Con una facilit\u00e0 di applicazione senza pari, <strong data-start=\"4507\" data-end=\"4522\">Armaphon GG<\/strong> \u00e8 pronto all&#8217;uso, permettendo un&#8217;applicazione rapida senza la necessit\u00e0 di un primer aggiuntivo. \u00c8 anche colorabile, il che consente personalizzazioni a seconda delle necessit\u00e0 progettuali.<\/p>\n<p data-start=\"695\" data-end=\"819\"><strong data-start=\"695\" data-end=\"710\">Armaphon GG<\/strong> \u00e8 <strong data-start=\"713\" data-end=\"727\">marcato CE<\/strong> e conforme alla <strong data-start=\"744\" data-end=\"770\">normativa UNI EN 15824<\/strong>, il che ne garantisce la qualit\u00e0 e la sicurezza.<\/p>\n<h3 data-start=\"821\" data-end=\"856\"><strong data-start=\"825\" data-end=\"856\">Caratteristiche Principali:<\/strong><\/h3>\n<ul data-start=\"857\" data-end=\"1203\">\n<li data-start=\"857\" data-end=\"925\">\n<p data-start=\"859\" data-end=\"925\"><strong data-start=\"859\" data-end=\"876\">Applicazione:<\/strong> Facilmente applicabile con frattazzo in acciaio.<\/p>\n<\/li>\n<li data-start=\"926\" data-end=\"1063\">\n<p data-start=\"928\" data-end=\"1063\"><strong data-start=\"928\" data-end=\"954\">Sistemi di Isolamento:<\/strong> Ideale per sistemi a cappotto, come il <strong data-start=\"994\" data-end=\"1014\">THERMOPON SETTEF<\/strong>, che offre anche la garanzia contro la grandine.<\/p>\n<\/li>\n<li data-start=\"1064\" data-end=\"1203\">\n<p data-start=\"1066\" data-end=\"1203\"><strong data-start=\"1066\" data-end=\"1092\">Tempo di applicazione:<\/strong> \u00c8 possibile applicare la finitura direttamente dopo <strong data-start=\"1145\" data-end=\"1158\">24-48 ore<\/strong>, senza la necessit\u00e0 di un primer aggiuntivo.<\/p>\n<\/li>\n<\/ul>\n<h3 data-start=\"1205\" data-end=\"1222\"><strong data-start=\"1209\" data-end=\"1222\">Vantaggi:<\/strong><\/h3>\n<ul data-start=\"1223\" data-end=\"1490\">\n<li data-start=\"1223\" data-end=\"1280\">\n<p data-start=\"1225\" data-end=\"1280\"><strong data-start=\"1225\" data-end=\"1253\">Facilit\u00e0 di applicazione<\/strong> e ottima <strong data-start=\"1263\" data-end=\"1279\">lavorabilit\u00e0<\/strong>.<\/p>\n<\/li>\n<li data-start=\"1281\" data-end=\"1375\">\n<p data-start=\"1283\" data-end=\"1375\"><strong data-start=\"1283\" data-end=\"1297\">Colorabile<\/strong>: consente la personalizzazione del colore per adattarsi a qualsiasi progetto.<\/p>\n<\/li>\n<li data-start=\"1376\" data-end=\"1487\">\n<p data-start=\"1378\" data-end=\"1487\"><strong data-start=\"1378\" data-end=\"1400\">Asciugatura rapida<\/strong>: la finitura pu\u00f2 essere applicata senza la necessit\u00e0 di una mano di primer aggiuntivo.<\/p>\n<\/li>\n<\/ul>\n<h3 data-start=\"1491\" data-end=\"1503\"><strong data-start=\"1495\" data-end=\"1503\">Usi:<\/strong><\/h3>\n<ul data-start=\"1504\" data-end=\"1702\">\n<li data-start=\"1504\" data-end=\"1595\">\n<p data-start=\"1506\" data-end=\"1595\"><strong data-start=\"1506\" data-end=\"1517\">Esterno<\/strong>: Per rasature murarie esterne, come quelle per sistemi di isolamento termico.<\/p>\n<\/li>\n<li data-start=\"1596\" data-end=\"1702\">\n<p data-start=\"1598\" data-end=\"1702\"><strong data-start=\"1598\" data-end=\"1609\">Interno<\/strong>: Ottimo anche per rasature murarie interne, da ricoprire con pitture o intonaci di finitura.<\/p>\n<\/li>\n<\/ul>\n<h3 data-start=\"1704\" data-end=\"1727\"><strong data-start=\"1708\" data-end=\"1727\">Formati e Resa:<\/strong><\/h3>\n<ul data-start=\"1728\" data-end=\"1940\">\n<li data-start=\"1728\" data-end=\"1748\">\n<p data-start=\"1730\" data-end=\"1748\"><strong data-start=\"1730\" data-end=\"1742\">Formati:<\/strong> 25 kg<\/p>\n<\/li>\n<li data-start=\"1749\" data-end=\"1885\">\n<p data-start=\"1751\" data-end=\"1762\"><strong data-start=\"1751\" data-end=\"1760\">Resa:<\/strong><\/p>\n<ul data-start=\"1765\" data-end=\"1885\">\n<li data-start=\"1765\" data-end=\"1821\">\n<p data-start=\"1767\" data-end=\"1821\"><strong data-start=\"1767\" data-end=\"1786\">3,5 \u00f7 4,0 kg\/m\u00b2<\/strong> per la posa in opera del cappotto.<\/p>\n<\/li>\n<li data-start=\"1824\" data-end=\"1885\">\n<p data-start=\"1826\" data-end=\"1885\"><strong data-start=\"1826\" data-end=\"1839\">1,7 kg\/m\u00b2<\/strong> per ogni millimetro di spessore come rasante.<\/p>\n<\/li>\n<\/ul>\n<\/li>\n<li data-start=\"1886\" data-end=\"1940\">\n<p data-start=\"1888\" data-end=\"1940\"><strong data-start=\"1888\" data-end=\"1906\">Pronto all\u2019uso<\/strong>, senza necessit\u00e0 di preparazione.<\/p>\n<\/li>\n<\/ul>\n<p><img loading=\"lazy\" decoding=\"async\" class=\"wp-image-204 alignleft\" src=\"https:\/\/stazionebricolor.com\/wp-content\/uploads\/2024\/06\/ICONA-SCHEDE-2.png\" alt=\"\" width=\"36\" height=\"31\" \/><a href=\"https:\/\/stazionebricolor.com\/wp-content\/uploads\/2024\/07\/tecnica-armaphon.pdf\">Download Scheda Tecnica (PDF)<\/a><\/p>\n","protected":false},"excerpt":{"rendered":"<p>Armaphon GG \u2013 Rasante in pasta per Sistemi di Isolamento a Cappotto e Rasature Murarie Armaphon GG \u00e8 un rasante in pasta a base di resine acriliche, esente da cemento, formulato appositamente per la rasatura e l\u2019annegamento della rete di armatura nella posa in opera di sistemi di isolamento termico a cappotto. Inoltre, \u00e8 particolarmente [&hellip;]<\/p>\n","protected":false},"featured_media":1305,"comment_status":"open","ping_status":"closed","template":"","meta":{"om_disable_all_campaigns":false,"_monsterinsights_skip_tracking":false,"_monsterinsights_sitenote_active":false,"_monsterinsights_sitenote_note":"","_monsterinsights_sitenote_category":0,"_joinchat":[]},"product_brand":[],"product_cat":[63,27],"product_tag":[865,866,869,863,870,867,868,833],"class_list":{"0":"post-1304","1":"product","2":"type-product","3":"status-publish","4":"has-post-thumbnail","6":"product_cat-anticarbonatazione-cls-ripristino-boiacca-norma-cee-uni","7":"product_cat-quarzo-elestomerico-calce-silicato-silossanico-cemento-lesioni-crepe-decorativo","8":"product_tag-acrilico","9":"product_tag-armaphon","10":"product_tag-cappotto-termico","11":"product_tag-esterno","12":"product_tag-microresina","13":"product_tag-pitture-per-esterni","14":"product_tag-rasante","15":"product_tag-settef","17":"first","18":"instock","19":"taxable","20":"shipping-taxable","21":"purchasable","22":"product-type-variable"},"yoast_head":"<!-- This site is optimized with the Yoast SEO plugin v26.5 - https:\/\/yoast.com\/wordpress\/plugins\/seo\/ -->\n<title>Armaphon GG - Rasante in pasta per cappotto - Stazione Bricolor<\/title>\n<meta name=\"description\" content=\"Rasante in pasta per cappotto Armaphon GG, ideale per la rasatura e l\u2019annegamento della rete di armatura in sistemi di isolamento termico a cappotto\" \/>\n<meta name=\"robots\" content=\"index, follow, max-snippet:-1, max-image-preview:large, max-video-preview:-1\" \/>\n<link rel=\"canonical\" href=\"https:\/\/stazionebricolor.com\/index.php\/prodotto\/armaphon-gg-rasante-in-pasta-per-cappotto-settef-tipo-microcemento-microresina-verticale-colorabile\/\" \/>\n<meta property=\"og:locale\" content=\"it_IT\" \/>\n<meta property=\"og:type\" content=\"article\" \/>\n<meta property=\"og:title\" content=\"Armaphon GG - Rasante in pasta per cappotto - Stazione Bricolor\" \/>\n<meta property=\"og:description\" content=\"Rasante in pasta per cappotto Armaphon GG, ideale per la rasatura e l\u2019annegamento della rete di armatura in sistemi di isolamento termico a cappotto\" \/>\n<meta property=\"og:url\" content=\"https:\/\/stazionebricolor.com\/index.php\/prodotto\/armaphon-gg-rasante-in-pasta-per-cappotto-settef-tipo-microcemento-microresina-verticale-colorabile\/\" \/>\n<meta property=\"og:site_name\" content=\"Stazione Bricolor\" \/>\n<meta property=\"article:modified_time\" content=\"2025-06-09T09:11:05+00:00\" \/>\n<meta property=\"og:image\" content=\"https:\/\/stazionebricolor.com\/wp-content\/uploads\/2024\/07\/Armaphon-gg.png\" \/>\n\t<meta property=\"og:image:width\" content=\"1154\" \/>\n\t<meta property=\"og:image:height\" content=\"1136\" \/>\n\t<meta property=\"og:image:type\" content=\"image\/png\" \/>\n<meta name=\"twitter:card\" content=\"summary_large_image\" \/>\n<meta name=\"twitter:label1\" content=\"Tempo di lettura stimato\" \/>\n\t<meta name=\"twitter:data1\" content=\"2 minuti\" \/>\n<script type=\"application\/ld+json\" class=\"yoast-schema-graph\">{\"@context\":\"https:\/\/schema.org\",\"@graph\":[{\"@type\":\"WebPage\",\"@id\":\"https:\/\/stazionebricolor.com\/index.php\/prodotto\/armaphon-gg-rasante-in-pasta-per-cappotto-settef-tipo-microcemento-microresina-verticale-colorabile\/\",\"url\":\"https:\/\/stazionebricolor.com\/index.php\/prodotto\/armaphon-gg-rasante-in-pasta-per-cappotto-settef-tipo-microcemento-microresina-verticale-colorabile\/\",\"name\":\"Armaphon GG - Rasante in pasta per cappotto - Stazione Bricolor\",\"isPartOf\":{\"@id\":\"https:\/\/stazionebricolor.com\/#website\"},\"primaryImageOfPage\":{\"@id\":\"https:\/\/stazionebricolor.com\/index.php\/prodotto\/armaphon-gg-rasante-in-pasta-per-cappotto-settef-tipo-microcemento-microresina-verticale-colorabile\/#primaryimage\"},\"image\":{\"@id\":\"https:\/\/stazionebricolor.com\/index.php\/prodotto\/armaphon-gg-rasante-in-pasta-per-cappotto-settef-tipo-microcemento-microresina-verticale-colorabile\/#primaryimage\"},\"thumbnailUrl\":\"https:\/\/stazionebricolor.com\/wp-content\/uploads\/2024\/07\/Armaphon-gg.png\",\"datePublished\":\"2024-07-15T16:01:59+00:00\",\"dateModified\":\"2025-06-09T09:11:05+00:00\",\"description\":\"Rasante in pasta per cappotto Armaphon GG, ideale per la rasatura e l\u2019annegamento della rete di armatura in sistemi di isolamento termico a cappotto\",\"breadcrumb\":{\"@id\":\"https:\/\/stazionebricolor.com\/index.php\/prodotto\/armaphon-gg-rasante-in-pasta-per-cappotto-settef-tipo-microcemento-microresina-verticale-colorabile\/#breadcrumb\"},\"inLanguage\":\"it-IT\",\"potentialAction\":[{\"@type\":\"ReadAction\",\"target\":[\"https:\/\/stazionebricolor.com\/index.php\/prodotto\/armaphon-gg-rasante-in-pasta-per-cappotto-settef-tipo-microcemento-microresina-verticale-colorabile\/\"]}]},{\"@type\":\"ImageObject\",\"inLanguage\":\"it-IT\",\"@id\":\"https:\/\/stazionebricolor.com\/index.php\/prodotto\/armaphon-gg-rasante-in-pasta-per-cappotto-settef-tipo-microcemento-microresina-verticale-colorabile\/#primaryimage\",\"url\":\"https:\/\/stazionebricolor.com\/wp-content\/uploads\/2024\/07\/Armaphon-gg.png\",\"contentUrl\":\"https:\/\/stazionebricolor.com\/wp-content\/uploads\/2024\/07\/Armaphon-gg.png\",\"width\":1154,\"height\":1136,\"caption\":\"Armaphon GG Rasante in pasta per cappotto applicato su facciata\"},{\"@type\":\"BreadcrumbList\",\"@id\":\"https:\/\/stazionebricolor.com\/index.php\/prodotto\/armaphon-gg-rasante-in-pasta-per-cappotto-settef-tipo-microcemento-microresina-verticale-colorabile\/#breadcrumb\",\"itemListElement\":[{\"@type\":\"ListItem\",\"position\":1,\"name\":\"Home\",\"item\":\"https:\/\/stazionebricolor.com\/\"},{\"@type\":\"ListItem\",\"position\":2,\"name\":\"Shop\",\"item\":\"https:\/\/stazionebricolor.com\/\"},{\"@type\":\"ListItem\",\"position\":3,\"name\":\"Armaphon GG &#8211; Rasante in pasta per cappotto\"}]},{\"@type\":\"WebSite\",\"@id\":\"https:\/\/stazionebricolor.com\/#website\",\"url\":\"https:\/\/stazionebricolor.com\/\",\"name\":\"Stazione Bricolor\",\"description\":\"Colorare casa non \u00e8 mai stato cos\u00ec semplice\",\"publisher\":{\"@id\":\"https:\/\/stazionebricolor.com\/#organization\"},\"potentialAction\":[{\"@type\":\"SearchAction\",\"target\":{\"@type\":\"EntryPoint\",\"urlTemplate\":\"https:\/\/stazionebricolor.com\/?s={search_term_string}\"},\"query-input\":{\"@type\":\"PropertyValueSpecification\",\"valueRequired\":true,\"valueName\":\"search_term_string\"}}],\"inLanguage\":\"it-IT\"},{\"@type\":\"Organization\",\"@id\":\"https:\/\/stazionebricolor.com\/#organization\",\"name\":\"Stazione Bricolor\",\"url\":\"https:\/\/stazionebricolor.com\/\",\"logo\":{\"@type\":\"ImageObject\",\"inLanguage\":\"it-IT\",\"@id\":\"https:\/\/stazionebricolor.com\/#\/schema\/logo\/image\/\",\"url\":\"https:\/\/stazionebricolor.com\/wp-content\/uploads\/2024\/06\/cropped-stazionebricoloricona-1.png\",\"contentUrl\":\"https:\/\/stazionebricolor.com\/wp-content\/uploads\/2024\/06\/cropped-stazionebricoloricona-1.png\",\"width\":520,\"height\":292,\"caption\":\"Stazione Bricolor\"},\"image\":{\"@id\":\"https:\/\/stazionebricolor.com\/#\/schema\/logo\/image\/\"}}]}<\/script>\n<!-- \/ Yoast SEO plugin. -->","yoast_head_json":{"title":"Armaphon GG - Rasante in pasta per cappotto - Stazione Bricolor","description":"Rasante in pasta per cappotto Armaphon GG, ideale per la rasatura e l\u2019annegamento della rete di armatura in sistemi di isolamento termico a cappotto","robots":{"index":"index","follow":"follow","max-snippet":"max-snippet:-1","max-image-preview":"max-image-preview:large","max-video-preview":"max-video-preview:-1"},"canonical":"https:\/\/stazionebricolor.com\/index.php\/prodotto\/armaphon-gg-rasante-in-pasta-per-cappotto-settef-tipo-microcemento-microresina-verticale-colorabile\/","og_locale":"it_IT","og_type":"article","og_title":"Armaphon GG - Rasante in pasta per cappotto - Stazione Bricolor","og_description":"Rasante in pasta per cappotto Armaphon GG, ideale per la rasatura e l\u2019annegamento della rete di armatura in sistemi di isolamento termico a cappotto","og_url":"https:\/\/stazionebricolor.com\/index.php\/prodotto\/armaphon-gg-rasante-in-pasta-per-cappotto-settef-tipo-microcemento-microresina-verticale-colorabile\/","og_site_name":"Stazione Bricolor","article_modified_time":"2025-06-09T09:11:05+00:00","og_image":[{"width":1154,"height":1136,"url":"https:\/\/stazionebricolor.com\/wp-content\/uploads\/2024\/07\/Armaphon-gg.png","type":"image\/png"}],"twitter_card":"summary_large_image","twitter_misc":{"Tempo di lettura stimato":"2 minuti"},"schema":{"@context":"https:\/\/schema.org","@graph":[{"@type":"WebPage","@id":"https:\/\/stazionebricolor.com\/index.php\/prodotto\/armaphon-gg-rasante-in-pasta-per-cappotto-settef-tipo-microcemento-microresina-verticale-colorabile\/","url":"https:\/\/stazionebricolor.com\/index.php\/prodotto\/armaphon-gg-rasante-in-pasta-per-cappotto-settef-tipo-microcemento-microresina-verticale-colorabile\/","name":"Armaphon GG - Rasante in pasta per cappotto - Stazione Bricolor","isPartOf":{"@id":"https:\/\/stazionebricolor.com\/#website"},"primaryImageOfPage":{"@id":"https:\/\/stazionebricolor.com\/index.php\/prodotto\/armaphon-gg-rasante-in-pasta-per-cappotto-settef-tipo-microcemento-microresina-verticale-colorabile\/#primaryimage"},"image":{"@id":"https:\/\/stazionebricolor.com\/index.php\/prodotto\/armaphon-gg-rasante-in-pasta-per-cappotto-settef-tipo-microcemento-microresina-verticale-colorabile\/#primaryimage"},"thumbnailUrl":"https:\/\/stazionebricolor.com\/wp-content\/uploads\/2024\/07\/Armaphon-gg.png","datePublished":"2024-07-15T16:01:59+00:00","dateModified":"2025-06-09T09:11:05+00:00","description":"Rasante in pasta per cappotto Armaphon GG, ideale per la rasatura e l\u2019annegamento della rete di armatura in sistemi di isolamento termico a cappotto","breadcrumb":{"@id":"https:\/\/stazionebricolor.com\/index.php\/prodotto\/armaphon-gg-rasante-in-pasta-per-cappotto-settef-tipo-microcemento-microresina-verticale-colorabile\/#breadcrumb"},"inLanguage":"it-IT","potentialAction":[{"@type":"ReadAction","target":["https:\/\/stazionebricolor.com\/index.php\/prodotto\/armaphon-gg-rasante-in-pasta-per-cappotto-settef-tipo-microcemento-microresina-verticale-colorabile\/"]}]},{"@type":"ImageObject","inLanguage":"it-IT","@id":"https:\/\/stazionebricolor.com\/index.php\/prodotto\/armaphon-gg-rasante-in-pasta-per-cappotto-settef-tipo-microcemento-microresina-verticale-colorabile\/#primaryimage","url":"https:\/\/stazionebricolor.com\/wp-content\/uploads\/2024\/07\/Armaphon-gg.png","contentUrl":"https:\/\/stazionebricolor.com\/wp-content\/uploads\/2024\/07\/Armaphon-gg.png","width":1154,"height":1136,"caption":"Armaphon GG Rasante in pasta per cappotto applicato su facciata"},{"@type":"BreadcrumbList","@id":"https:\/\/stazionebricolor.com\/index.php\/prodotto\/armaphon-gg-rasante-in-pasta-per-cappotto-settef-tipo-microcemento-microresina-verticale-colorabile\/#breadcrumb","itemListElement":[{"@type":"ListItem","position":1,"name":"Home","item":"https:\/\/stazionebricolor.com\/"},{"@type":"ListItem","position":2,"name":"Shop","item":"https:\/\/stazionebricolor.com\/"},{"@type":"ListItem","position":3,"name":"Armaphon GG &#8211; Rasante in pasta per cappotto"}]},{"@type":"WebSite","@id":"https:\/\/stazionebricolor.com\/#website","url":"https:\/\/stazionebricolor.com\/","name":"Stazione Bricolor","description":"Colorare casa non \u00e8 mai stato cos\u00ec semplice","publisher":{"@id":"https:\/\/stazionebricolor.com\/#organization"},"potentialAction":[{"@type":"SearchAction","target":{"@type":"EntryPoint","urlTemplate":"https:\/\/stazionebricolor.com\/?s={search_term_string}"},"query-input":{"@type":"PropertyValueSpecification","valueRequired":true,"valueName":"search_term_string"}}],"inLanguage":"it-IT"},{"@type":"Organization","@id":"https:\/\/stazionebricolor.com\/#organization","name":"Stazione Bricolor","url":"https:\/\/stazionebricolor.com\/","logo":{"@type":"ImageObject","inLanguage":"it-IT","@id":"https:\/\/stazionebricolor.com\/#\/schema\/logo\/image\/","url":"https:\/\/stazionebricolor.com\/wp-content\/uploads\/2024\/06\/cropped-stazionebricoloricona-1.png","contentUrl":"https:\/\/stazionebricolor.com\/wp-content\/uploads\/2024\/06\/cropped-stazionebricoloricona-1.png","width":520,"height":292,"caption":"Stazione Bricolor"},"image":{"@id":"https:\/\/stazionebricolor.com\/#\/schema\/logo\/image\/"}}]}},"_links":{"self":[{"href":"https:\/\/stazionebricolor.com\/index.php\/wp-json\/wp\/v2\/product\/1304","targetHints":{"allow":["GET"]}}],"collection":[{"href":"https:\/\/stazionebricolor.com\/index.php\/wp-json\/wp\/v2\/product"}],"about":[{"href":"https:\/\/stazionebricolor.com\/index.php\/wp-json\/wp\/v2\/types\/product"}],"replies":[{"embeddable":true,"href":"https:\/\/stazionebricolor.com\/index.php\/wp-json\/wp\/v2\/comments?post=1304"}],"wp:featuredmedia":[{"embeddable":true,"href":"https:\/\/stazionebricolor.com\/index.php\/wp-json\/wp\/v2\/media\/1305"}],"wp:attachment":[{"href":"https:\/\/stazionebricolor.com\/index.php\/wp-json\/wp\/v2\/media?parent=1304"}],"wp:term":[{"taxonomy":"product_brand","embeddable":true,"href":"https:\/\/stazionebricolor.com\/index.php\/wp-json\/wp\/v2\/product_brand?post=1304"},{"taxonomy":"product_cat","embeddable":true,"href":"https:\/\/stazionebricolor.com\/index.php\/wp-json\/wp\/v2\/product_cat?post=1304"},{"taxonomy":"product_tag","embeddable":true,"href":"https:\/\/stazionebricolor.com\/index.php\/wp-json\/wp\/v2\/product_tag?post=1304"}],"curies":[{"name":"wp","href":"https:\/\/api.w.org\/{rel}","templated":true}]}}